
-87
Let n(u) = u**3 + 12*u**2 + 10*u - 134. Determine n(-8).
42
Let x(s) = 4*s**2 - 11*s - 18. Determine x(-2).
20
Let w(i) = -10*i**3 - 3*i**2 + 53*i + 54. What is w(-1)?
8
Let a(f) = 3*f**2 - 69*f + 83. What is a(22)?
17
Let u(o) = 11115*o - 44459. Calculate u(4).
1
Let s(u) = -14*u**2 + 57*u + 161. What is s(6)?
-1
Let r(f) = 25*f + 6. What is r(2)?
56
Let a(m) = m**2 + 29*m + 169. Calculate a(-21).
1
Let f(a) = 3*a**3 - 25*a**2 - 868*a + 7011. Calculate f(8).
3
Let t(j) = 499*j - 15475. What is t(31)?
-6
Let n(d) = d**3 + 44*d**2 + 85*d + 9. Determine n(-42).
-33
Let l(a) = 2*a**3 - 105*a**2 + 1375*a - 10. Determine l(25).
-10
Let w(a) = 13*a**3 + 13*a**2 - 27*a + 2. Give w(4).
934
Let v(m) = m**3 + 9*m**2 - 52*m + 9. Determine v(4).
9
Let d(x) = -920*x + 6437. Calculate d(7).
-3
Let b(z) = 10*z**2 + 102*z + 19. Give b(-13).
383
Let v(y) = -34*y + 19. What is v(-5)?
189
Let m(g) = 38*g - 466. Calculate m(12).
-10
Let w(i) = -56*i**2 - 24*i - 2. Determine w(1).
-82
Let t(i) = -3285*i + 450047. Give t(137).
2
Let f(i) = 53*i - 830. Give f(15).
-35
Let c(r) = r**3 + 4*r**2 - 228*r - 129. Give c(-17).
-10
Let c(m) = -m**3 - 13*m**2 - m + 35. Determine c(-6).
-211
Let v(p) = 19*p + 439. Calculate v(-18).
97
Let u(s) = 58*s - 572. Determine u(11).
66
Let i(n) = -114*n + 1322. Give i(13).
-160
Let c(d) = 6*d**2 - 27*d - 152. Determine c(-4).
52
Let u(g) = -39*g - 1211. What is u(-31)?
-2
Let t(n) = -8*n**2 + 18*n - 8. Calculate t(4).
-64
Let y(v) = -2875*v - 8627. What is y(-3)?
-2
Let g(i) = -i**3 - 22*i**2 - 105*i + 27. Determine g(-12).
-153
Let j(n) = -835*n + 4955. Calculate j(6).
-55
Let a(q) = -q**3 - 13*q**2 - 6*q - 8. Give a(-6).
-224
Let u(h) = -3*h**3 - 4*h**2 + 5*h + 16. Calculate u(-2).
14
Let l(k) = 270*k - 1961. What is l(7)?
-71
Let u(t) = -48*t - 3608. Determine u(-75).
-8
Let y(a) = -2*a**3 + 64*a**2 - 4*a + 172. Calculate y(32).
44
Let c(f) = 187*f + 35866. What is c(-192)?
-38
Let h(u) = 21*u**2 + 440*u - 34. Calculate h(-21).
-13
Let b(f) = f**2 - 20*f - 269. Calculate b(-11).
72
Let b(k) = -239*k + 5733. What is b(24)?
-3
Let w(k) = 509*k - 5652. What is w(11)?
-53
Let v(s) = -s**2 + 568*s - 55695. Calculate v(126).
-3
Let z(o) = -13*o**2 + 81*o + 82. What is z(-1)?
-12
Let j(h) = -2*h**2 - 2*h - 11. Give j(-10).
-191
Let y(i) = -i**3 - 21*i**2 - 13*i + 94. What is y(-21)?
367
Let t(c) = -21*c**2 + 27*c + 27. Determine t(-1).
-21
Let v(x) = -2*x**3 + 24*x**2 + 27*x - 133. Calculate v(14).
-539
Let g(s) = -s**2 - 259*s - 1764. Calculate g(-7).
0
Let w(x) = -531*x - 4300. Give w(-8).
-52
Let m(s) = 3*s**2 - 464*s - 4046. What is m(163)?
29
Let v(o) = -215*o + 14806. Give v(69).
-29
Let c(y) = 3*y**3 - 25*y**2 + 38*y + 4. Calculate c(8).
244
Let y(f) = 7*f**2 - 382*f - 151. Calculate y(55).
14
Let f(g) = 2*g**2 + 372*g + 6628. Give f(-20).
-12
Let g(q) = 219*q**3 + 5461*q**2 - 349*q + 26. What is g(-25)?
1
Let c(f) = -f**3 - 7*f**2 - 22*f - 15. Calculate c(-7).
139
Let g(i) = i**3 + 16*i**2 + 11*i - 68. Calculate g(-11).
416
Let f(w) = -10*w**3 + 30*w**2 + 92*w - 273. Determine f(3).
3
Let v(c) = c**3 - 210*c**2 + 7775*c + 28. Give v(162).
-134
Let u(o) = 12*o - 162. What is u(7)?
-78
Let n(h) = h**3 - 45*h**2 - 171*h + 1302. Calculate n(48).
6
Let x(i) = i**3 + 61*i**2 + 132*i + 164. Give x(-59).
-662
Let x(q) = -q**2 + 35*q + 116. Give x(42).
-178
Let o(j) = -j**3 - 44*j**2 - 7*j - 126. Calculate o(-44).
182
Let a(p) = -24*p + 387. Determine a(21).
-117
Let z(s) = -73*s - 1160. Determine z(-8).
-576
Let z(l) = 15*l + 21. Calculate z(-3).
-24
Let q(m) = -116*m**3 + 2*m**2 - 4. Calculate q(-2).
932
Let y(r) = 27*r - 719. Determine y(26).
-17
Let d(o) = -o**2 + 6*o + 227. Determine d(-11).
40
Let c(y) = 2*y**2 + y - 35. Calculate c(6).
43
Let f(k) = 3*k**2 + 163*k - 16. Calculate f(-54).
-70
Let w(c) = 64*c - 322. Determine w(5).
-2
Let i(w) = -46*w + 1195. Give i(26).
-1
Let a(q) = 3*q**2 - 5*q - 13. What is a(-8)?
219
Let x(c) = 7*c**3 + 135*c**2 + 40*c + 24. Calculate x(-19).
-14
Let u(x) = -28*x - 1188. Determine u(-43).
16
Let j(g) = 1272*g + 4. Give j(0).
4
Let w(k) = -258*k + 453. Calculate w(4).
-579
Let b(m) = 2*m**2 - 1990*m + 11885. What is b(6)?
17
Let y(v) = 52*v - 685. What is y(13)?
-9
Let v(m) = -m**3 + 19*m**2 - 16*m + 1212. Calculate v(21).
-6
Let x(o) = 1216*o - 7282. What is x(6)?
14
Let c(h) = -32*h + 564. Determine c(18).
-12
Let v(s) = s**3 - 31*s**2 + 38*s + 1297. Determine v(28).
9
Let p(o) = -18*o + 109. Calculate p(8).
-35
Let v(m) = 23*m**2 + 67*m + 37. Calculate v(-2).
-5
Let z(s) = 3*s**2 - 1040*s - 39236. What is z(381)?
7
Let u(a) = -40*a + 1689. Determine u(42).
9
Let i(f) = -f**3 + 4*f**2 + 67*f - 282. Give i(8).
-2
Let t(d) = 2*d**2 - 276*d - 4142. What is t(152)?
114
Let x(g) = -g**3 - 41*g**2 + 94*g + 340. Determine x(-43).
-4
Let t(l) = 97*l + 650. Determine t(-7).
-29
Let m(z) = z**3 - 20*z**2 - 19*z + 5. Calculate m(22).
555
Let c(h) = -11*h - 306. Calculate c(-34).
68
Let s(f) = 219*f - 2623. What is s(12)?
5
Let p(n) = -717*n + 3558. Give p(5).
-27
Let c(a) = 1447*a - 2949. What is c(2)?
-55
Let j(o) = o**3 - 25*o**2 + 28*o - 50. Calculate j(24).
46
Let t(w) = w**3 - 53*w**2 - 49*w - 287. What is t(54)?
-17
Let o(u) = u**2 + 17*u - 1999. Determine o(-54).
-1
Let h(j) = 777*j + 2324. Give h(-3).
-7
Let w(x) = -x**3 + 18*x**2 - 103*x + 140. Determine w(9).
-58
Let c(r) = -2*r**3 - 12*r**2 - 31*r - 38. Determine c(-3).
1
Let w(t) = -t**3 - 89*t**2 + 1101*t + 90997. Calculate w(-90).
7
Let z(l) = 44*l + 1112. Determine z(-29).
-164
Let c(v) = -57*v**3 + 3*v**2 - 6*v - 9. Calculate c(-1).
57
Let l(s) = -17*s**2 - 483*s - 197. Determine l(-28).
-1
Let l(t) = -32*t**3 + 7*t**2 - t. Give l(1).
-26
Let a(w) = -10*w**2 - 72*w + 28. Calculate a(-8).
-36
Let p(t) = t**3 - 45*t**2 + 123*t + 137. What is p(42)?
11
Let m(p) = -p**3 + 33*p**2 - 14*p - 48. Determine m(33).
-510
Let y(u) = 38*u - 249. Give y(4).
-97
Let w(g) = -2*g**3 + 94*g**2 - 1019*g - 15. Calculate w(17).
2
Let h(z) = 7*z - 350. Calculate h(49).
-7
Let f(s) = 1064*s - 6341. Give f(6).
43
Let b(k) = k**3 - 36*k**2 - 33*k - 147. What is b(37)?
1
Let y(g) = g**2 + 19*g + 68. Give y(-11).
-20
Let z(s) = -7*s + 78. Determine z(9).
15
Let z(n) = 2*n**3 - 22*n**2 + 30*n - 23. Calculate z(10).
77
Let o(c) = -c**3 - 66*c**2 - 125*c + 74. Give o(-64).
-118
Let t(f) = f**2 - 6*f - 65. Give t(-6).
7
Let h(f) = 78*f + 4363. What is h(-56)?
-5
Let y(g) = g**3 + 16*g**2 - 15*g + 77. Give y(-17).
43
Let d(w) = 2*w**2 - 47*w + 263. What is d(14)?
-3
Let a(v) = -9*v + 278. Give a(21).
89
Let t(m) = 4*m**2 - 28*m - 43. What is t(7)?
-43
Let v(s) = -s - 12. Determine v(12).
-24
Let n(f) = 91*f - 268. Calculate n(5).
187
Let t(g) = -117*g + 4909. Give t(42).
-5
Let i(c) = -129*c + 9031. Calculate i(70).
1
Let d(h) = h**3 - 84*h**2 + 475*h - 33. Determine d(6).
9
Let a(t) = -8913*t - 71301. Calculate a(-8).
3
Let j(f) = 10*f**2 - 22*f - 1. Give j(-5).
359
Let q(b) = -63*b - 4. Give q(1).
-67
Let i(n) = n**3 - 11*n**2 - 97*n + 1028. Calculate i(12).
8
Let j(h) = 174*h + 1363. Calculate j(-8).
-29
Let n(j) = -j**2 - 116*j - 1331. Calculate n(-13).
8
Let j(t) = -t**2 - 36*t + 1128. Calculate j(20).
8
Let v(l) = -2*l**3 + 10*l**2 - 21*l - 7. Determine v(4).
-59
Let q(p) = -2*p**3 + 163*p**2 + 83*p - 84. Give q(82).
-2
Let t(q) = 99*q + 1275. Give t(-13).
-12
Let d(l) = 152*l - 324. What is d(2)?
-20
Let g(a) = a**3 + 30*a**2 + 176*a + 15. Determine g(-8).
15
Let u(p) = 23*p**2 + 1016*p + 202. Determine u(-44).
26
Let a(g) = -g**3 - 8*g**2 + 13*g + 44. Determine a(-10).
114
Let n(h) = -h**2 + 128*h - 3881. Determine n(79).
-10
Let h(m) = -m**3 + 44*m**2 - 438*m + 52. Determine h(15).
7
Let u(p) = 9512*p - 190242. What is u(20)?
-2
Let z(d) = 239*d + 9322. Give z(-39).
1
Let x(a) = -a**2 + 19*a + 424. Give x(-13).
8
Let t(q) = -q**2 - 26*q - 107. Calculate t(-19).
26
Let h(x) = 491*x + 5809. Give h(-12).
-83
Let s(n) = 444*n + 1149. Determine s(-3).
-183
Let i(a) = 36*a**3 - 5*a**2 - a + 2. Give i(-1).
-38
Let d(s) = -747*s - 8217. Determine d(-11).
0
Let r(k) = k**3 - 10*k**2 + 19*k - 2. Calculate r(7).
-16
Let v(n) = n**3 - 86*n**2 + 415*n - 796. Determine v(81).
14
Let h(o) = -98*o + 373. Give h(4).
-19
Let y(t) = 22*t + 1034. Give y(-47).
0
Let z(q) = 